prime factors of 283777573.
283777573
List the prime factors of 1478261760.
2, 3, 5, 157, 613
List the prime factors of 9247637.
7, 137, 9643
List the prime factors of 3331680269.
6619, 503351
List the prime factors of 83707679.
11, 691799
What are the prime factors of 121397854?
2, 60698927
List the prime factors of 1777032678.
2, 3, 17, 337, 3041
List the prime factors of 2436547149.
3, 10026943
What are the prime factors of 1704664556?
2, 7, 409, 148853
List the prime factors of 132828278.
2, 11, 19, 317771
What are the prime factors of 961469073?
3, 106829897
What are the prime factors of 390132718?
2, 4643, 42013
List the prime factors of 410620241.
410620241
What are the prime factors of 768454386?
2, 3, 7, 1811, 10103
List the prime factors of 76793114.
2, 17, 2258621
List the prime factors of 181893041.
11, 16535731
What are the prime factors of 952518712?
2, 119064839
List the prime factors of 10845165.
3, 5, 127, 5693
List the prime factors of 130115932.
2, 2647, 12289
List the prime factors of 104276847.
3, 34758949
What are the prime factors of 728095975?
5, 17, 1713167
What are the prime factors of 206328022?
2, 103164011
What are the prime factors of 67632239?
17, 107, 37181
What are the prime factors of 88890332?
2, 22222583
What are the prime factors of 12953416?
2, 7, 23, 89, 113
List the prime factors of 1623991362.
2, 3, 7, 1487, 26003
What are the prime factors of 2419102?
2, 7, 67, 2579
List the prime factors of 1877636482.
2, 677, 1386733
List the prime factors of 1108084342.
2, 554042171
What are the prime factors of 4726409354?
2, 2363204677
List the prime factors of 2041379.
19, 107441
List the prime factors of 13294569.
3, 4431523
What are the prime factors of 126474351?
3, 42158117
List the prime factors of 364764703.
2351, 155153
List the prime factors of 544707136.
2, 8511049
What are the prime factors of 62723306?
2, 3257, 9629
List the prime factors of 332800593.
3, 23, 31, 157, 991
List the prime factors of 46217891.
1049, 44059
What are the prime factors of 218435172?
2, 3, 19, 958049
What are the prime factors of 85539270?
2, 3, 5, 29, 98321
List the prime factors of 502998.
2, 3, 83833
What are the prime factors of 228043074?
2, 3, 7, 5429597
What are the prime factors of 180111076?
2, 1103, 40823
List the prime factors of 75255834.
2, 3, 12542639
List the prime factors of 1517723578.
2, 7, 5167, 20981
List the prime factors of 195757501.
195757501
What are the prime factors of 544418815?
5, 108883763
What are the prime factors of 1026448758?
2, 3, 57024931
What are the prime factors of 25242020?
2, 5, 1262101
What are the prime factors of 358623753?
3, 139, 860009
List the prime factors of 45688449.
3, 347, 43889
List the prime factors of 17625691.
17625691
What are the prime factors of 534717001?
7, 13, 5876011
List the prime factors of 7154455.
5, 7, 11, 18583
List the prime factors of 1189150892.
2, 2609, 113947
What are the prime factors of 54823557?
3, 18274519
List the prime factors of 317577837.
3, 19, 83, 3533
What are the prime factors of 268588174?
2, 47, 2857321
List the prime factors of 27947066.
2, 7, 1996219
What are the prime factors of 4732610541?
3, 37, 1439, 29629
List the prime factors of 28120625.
5, 13, 3461
What are the prime factors of 195852208?
2, 12240763
List the prime factors of 954975913.
954975913
List the prime factors of 33378142.
2, 7, 2384153
List the prime factors of 11004637.
7, 1572091
List the prime factors of 23529772.
2, 7, 43, 19543
List the prime factors of 358859861.
358859861
List the prime factors of 29927259.
3, 17, 113, 577
What are the prime factors of 4835055272?
2, 17, 389, 91393
What are the prime factors of 961376524?
2, 240344131
List the prime factors of 295123002.
2, 3, 41, 61, 71, 277
List the prime factors of 88172095.
5, 11, 13249
List the prime factors of 44293019.
44293019
List the prime factors of 441157344.
2, 3, 17, 15901
What are the prime factors of 999983457?
3, 11, 151, 443
List the prime factors of 98965372.
2, 11, 2249213
List the prime factors of 12144756.
2, 3, 13, 127, 613
What are the prime factors of 2531411014?
2, 11, 115064137
What are the prime factors of 20531169?
3, 839, 2719
What are the prime factors of 3033002000?
2, 5, 7, 30949
What are the prime factors of 13395040?
2, 5, 83719
List the prime factors of 129477531.
3, 43159177
List the prime factors of 632924565.
3, 5, 7, 13, 29, 59, 271
List the prime factors of 72641272.
2, 11, 17, 59, 823
List the prime factors of 928370416.
2, 58023151
List the prime factors of 2231188262.
2, 1115594131
What are the prime factors of 2840401724?
2, 97, 7320623
List the prime factors of 204660573.
3, 13, 89, 58963
What are the prime factors of 3645217705?
5, 281, 967, 2683
What are the prime factors of 2711655127?
23, 1181, 99829
What are the prime factors of 1456263294?
2, 3, 199, 1219651
List the prime factors of 2394259.
7, 342037
List the prime factors of 34297322.
2, 17148661
List the prime factors of 16800018.
2, 3, 2800003
List the prime factors of 569736532.
2, 167, 241, 3539
What are the prime factors of 3243545521?
181, 1277, 14033
List the prime factors of 91909327.
17, 19, 31, 67, 137
List the prime factors of 1096399897.
29, 37806893
What are the prime factors of 581087946?
2, 3, 101, 547, 1753
List the prime factors of 2857691797.
2857691797
List the prime factors of 69577314.
2, 3, 11596219
What are the prime factors of 350486567?
47, 158663
What are the prime factors of 36463238?
2, 7, 61, 42697
List the prime factors of 686700565.
5, 19, 7228427
List the prime factors of 479780784.
2, 3, 7, 475973
What are the prime factors of 103244108?
2, 11, 1373, 1709
List the prime factors of 39212135.
5, 7842427
What are the prime factors of 13187099?
13187099
List the prime factors of 234736320.
2, 3, 5, 7, 13, 2687
What are the prime factors of 1573547367?
3, 7, 74930827
List the prime factors of 35120051.
2521, 13931
What are the prime factors of 226047458?
2, 7, 13, 661, 1879
List the prime factors of 991783687.
59, 2111, 7963
What are the prime factors of 6031092?
2, 3, 502591
List the prime factors of 18685737.
3, 7, 17, 73, 239
List the prime factors of 779981267.
13, 17, 23, 153449
List the prime factors of 76062537.
3, 137, 20563
What are the prime factors of 687649042?
2, 10151, 33871
List the prime factors of 119703355.
5, 3037, 7883
What are the prime factors of 33694316?
2, 2699, 3121
What are the prime factors of 721516249?
721516249
What are the prime factors of 85120844?
2, 173, 123007
What are the prime factors of 1243939025?
5, 7, 19, 374117
List the prime factors of 497628906.
2, 3, 82938151
What are the prime factors of 59941361?
193, 310577
List the prime factors of 803273020.
2, 5, 11, 73, 4547
List the prime factors of 296983684.
2, 74245921
What are the prime factors of 623551468?
2, 509, 306263
What are the prime factors of 277308803?
163, 467, 3643
What are the prime factors of 462102108?
2, 3, 13, 23, 9907
List the prime factors of 2035191503.
131, 1951, 7963
What are the prime factors of 247275278?
2, 123637639
What are the prime factors of 5473537302?
2, 3, 3881, 235057
What are the prime factors of 5748416149?
7, 31, 1049, 25253
What are the prime factors of 683380116?
2, 3, 18982781
What are the prime factors of 90237303?
3, 13, 23, 33533
What are the prime factors of 762986064?
2, 3, 293, 54251
List the prime factors of 167524182.
2, 3, 7, 239, 5563
List the prime factors of 57181492.
2, 1091, 13103
What are the prime factors of 2220834652?
2, 83, 113, 59197
List the prime factors of 177724167.
3, 79, 749891
List the prime factors of 40643902.
2, 13, 1563227
What are the prime factors of 1461588138?
2, 3, 211, 4751
What are the prime factors of 2259258845?
5, 1087, 415687
List the prime factors of 67921569.
3, 7546841
List the prime factors of 48385608.
2, 3, 53, 38039
List the prime factors of 168553154.
2, 7, 11, 23, 2069
What are the prime factors of 84650250?
2, 3, 5, 59, 1913
What are the prime factors of 111582891?
3, 7, 1771157
List the prime factors of 2984933865.
3, 5, 17, 41, 73, 3911
What are the prime factors of 90231130?
2, 5, 11, 683, 1201
List the prime factors of 184894728.
2, 3, 127, 60661
What are the prime factors of 705079009?
41